{"id":247,"date":"2026-03-24T16:29:42","date_gmt":"2026-03-24T15:29:42","guid":{"rendered":"https:\/\/alsabatirenov.fr\/?page_id=247"},"modified":"2026-04-05T09:54:34","modified_gmt":"2026-04-05T07:54:34","slug":"revetement-de-sol","status":"publish","type":"page","link":"https:\/\/alsabatirenov.fr\/index.php\/revetement-de-sol\/","title":{"rendered":"Rev\u00eatement de sol et mur"},"content":{"rendered":"\n<p><\/p>\n\n\n\n<div class=\"wp-block-uagb-advanced-heading uagb-block-7bd470ce\"><h2 class=\"uagb-heading-text\">Pose de rev\u00eatements de sol et mur \u00e0 Strasbourg<\/h2><\/div>\n\n\n\n<p><\/p>\n\n\n\n<div class=\"wp-block-uagb-advanced-heading uagb-block-c924b73e\"><h4 class=\"uagb-heading-text\">Donnez du style et de la valeur \u00e0 votre int\u00e9rieur gr\u00e2ce \u00e0 des rev\u00eatements de qualit\u00e9, pos\u00e9s avec soin par un professionnel exp\u00e9riment\u00e9.<br>Nous vous accompagnons dans le choix et la pose pour un rendu esth\u00e9tique et durable.<\/h4><\/div>\n\n\n\n<p><\/p>\n\n\n\n<div class=\"wp-block-uagb-image aligncenter uagb-block-71fc6bed wp-block-uagb-image--layout-default wp-block-uagb-image--effect-static wp-block-uagb-image--align-center\"><figure class=\"wp-block-uagb-image__figure\"><img loading=\"lazy\" decoding=\"async\" srcset=\"https:\/\/alsabatirenov.fr\/wp-content\/uploads\/2026\/03\/IMG-20260325-WA0035-edited.jpg ,https:\/\/alsabatirenov.fr\/wp-content\/uploads\/2026\/03\/IMG-20260325-WA0035.jpg 780w, https:\/\/alsabatirenov.fr\/wp-content\/uploads\/2026\/03\/IMG-20260325-WA0035.jpg 360w\" sizes=\"auto, (max-width: 480px) 150px\" src=\"https:\/\/alsabatirenov.fr\/wp-content\/uploads\/2026\/03\/IMG-20260325-WA0035-edited.jpg\" alt=\"\" class=\"uag-image-362\" width=\"768\" height=\"1024\" title=\"IMG-20260325-WA0035\" role=\"img\"\/><\/figure><\/div>\n\n\n\n<p><\/p>\n\n\n\n<div class=\"wp-block-uagb-advanced-heading uagb-block-eb72323f\"><h2 class=\"uagb-heading-text\">Un r\u00e9sultat esth\u00e9tique et durable<\/h2><\/div>\n\n\n\n<p><\/p>\n\n\n\n<div class=\"wp-block-uagb-advanced-heading uagb-block-f0774421\"><h5 class=\"uagb-heading-text\">Nous r\u00e9alisons la pose de tous types de rev\u00eatements de sol et mur, en neuf comme en r\u00e9novation, avec une attention particuli\u00e8re port\u00e9e aux finitions.<\/h5><\/div>\n\n\n\n<p><\/p>\n\n\n\n<div class=\"wp-block-uagb-advanced-heading uagb-block-6831b834\"><h2 class=\"uagb-heading-text\">Nos prestations :<\/h2><\/div>\n\n\n\n<p><\/p>\n\n\n\n<ul class=\"wp-block-list\">\n<li>Pose de carrelage<\/li>\n\n\n\n<li>Pose de fa\u00efence murale<\/li>\n\n\n\n<li>Pose de panneaux muraux<\/li>\n\n\n\n<li>Pose de parquet (stratifi\u00e9, massif, contrecoll\u00e9)<\/li>\n\n\n\n<li>Ragr\u00e9age et pr\u00e9paration des supports<\/li>\n\n\n\n<li>Pose de plinthes et finitions<\/li>\n<\/ul>\n\n\n\n<div class=\"wp-block-uagb-container uagb-block-add68dc2 alignfull uagb-is-root-container\"><div class=\"uagb-container-inner-blocks-wrap\">\n<div class=\"wp-block-uagb-container uagb-block-4a9cdfd6\">\n<div class=\"wp-block-uagb-advanced-heading uagb-block-78bdaa5d\"><h2 class=\"uagb-heading-text\">Des sols adapt\u00e9s \u00e0 votre usage<\/h2><\/div>\n\n\n\n<div class=\"wp-block-uagb-advanced-heading uagb-block-df301636\"><h5 class=\"uagb-heading-text\">Nous vous conseillons dans le choix de vos rev\u00eatements pour allier esth\u00e9tique, r\u00e9sistance et facilit\u00e9 d\u2019entretien.<\/h5><\/div>\n\n\n\n<ul class=\"wp-block-list\">\n<li>Carrelage grand format<\/li>\n\n\n\n<li>Parquet moderne<\/li>\n\n\n\n<li>Sol imitation bois<\/li>\n\n\n\n<li>Rev\u00eatements r\u00e9sistants pour pi\u00e8ces humides<\/li>\n<\/ul>\n<\/div>\n\n\n\n<div class=\"wp-block-uagb-container uagb-block-ba5f5d74\">\n<div class=\"wp-block-uagb-advanced-heading uagb-block-3e2d1e53\"><h2 class=\"uagb-heading-text\">Habillez vos murs avec \u00e9l\u00e9gance<\/h2><\/div>\n\n\n\n<div class=\"wp-block-uagb-advanced-heading uagb-block-cb25cd86\"><h4 class=\"uagb-heading-text\">Nous r\u00e9alisons la pose de rev\u00eatements muraux pour sublimer vos pi\u00e8ces, notamment cuisines et salles de bain.<\/h4><\/div>\n\n\n\n<ul class=\"wp-block-list\">\n<li>Fa\u00efence d\u00e9corative<\/li>\n\n\n\n<li>Cr\u00e9dence de cuisine<\/li>\n\n\n\n<li>Panneaux muraux<\/li>\n\n\n\n<li>Habillage mural design<\/li>\n<\/ul>\n<\/div>\n<\/div><\/div>\n\n\n\n<p><\/p>\n\n\n\n<div class=\"wp-block-uagb-advanced-heading uagb-block-3ab833e4\"><h2 class=\"uagb-heading-text\">POURQUOI NOUS CHOISIR<\/h2><\/div>\n\n\n\n<p><\/p>\n\n\n\n<div class=\"wp-block-uagb-advanced-heading uagb-block-a7bf65da\"><h5 class=\"uagb-heading-text\">\u2714 Pose pr\u00e9cise et finitions soign\u00e9es<br>\u2714 Conseils personnalis\u00e9s<br>\u2714 Mat\u00e9riaux adapt\u00e9s \u00e0 votre projet<br>\u2714 Respect des d\u00e9lais<br>\u2714 Excellent rapport qualit\u00e9 \/ prix<\/h5><\/div>\n\n\n\n<p><\/p>\n\n\n\n<div class=\"wp-block-uagb-advanced-heading uagb-block-ee586175\"><h2 class=\"uagb-heading-text\"><a href=\"https:\/\/alsabatirenov.fr\/index.php\/nos-realsiations\/\" data-type=\"page\" data-id=\"17\">Voir Nos R\u00e9alisations<\/a><\/h2><\/div>\n\n\n\n<p><\/p>\n\n\n\n<div class=\"wp-block-uagb-advanced-heading uagb-block-d357076a\"><h2 class=\"uagb-heading-text\">Un projet de rev\u00eatement ?<\/h2><\/div>\n\n\n\n<div class=\"wp-block-uagb-advanced-heading uagb-block-6b0e3289\"><h4 class=\"uagb-heading-text\">Contactez-nous d\u00e8s maintenant pour obtenir un devis gratuit et des conseils adapt\u00e9s \u00e0 votre projet \u00e0 Strasbourg.<\/h4><\/div>\n\n\n\n<p><\/p>\n\n\n\n<div class=\"wp-block-uagb-buttons uagb-buttons__outer-wrap uagb-btn__default-btn uagb-btn-tablet__default-btn uagb-btn-mobile__default-btn uagb-block-b7ecad55\"><div class=\"uagb-buttons__wrap uagb-buttons-layout-wrap \">\n<div class=\"wp-block-uagb-buttons-child uagb-buttons__outer-wrap uagb-block-cfffd813 wp-block-button\"><div class=\"uagb-button__wrapper\"><a class=\"uagb-buttons-repeater wp-block-button__link\" aria-label=\"\" href=\"tel:+33621487286\" rel=\"follow noopener\" target=\"_self\" role=\"button\"><div class=\"uagb-button__link\">Demander votre devis<\/div><\/a><\/div><\/div>\n<\/div><\/div>\n","protected":false},"excerpt":{"rendered":"<p>Pose de rev\u00eatements de sol et mur \u00e0 Strasbourg Donnez du style et de la valeur \u00e0 votre int\u00e9rieur gr\u00e2ce [&hellip;]<\/p>\n","protected":false},"author":4,"featured_media":0,"parent":0,"menu_order":0,"comment_status":"closed","ping_status":"closed","template":"","meta":{"_uag_custom_page_level_css":"","site-sidebar-layout":"default","site-content-layout":"","ast-site-content-layout":"default","site-content-style":"default","site-sidebar-style":"default","ast-global-header-display":"","ast-banner-title-visibility":"","ast-main-header-display":"","ast-hfb-above-header-display":"","ast-hfb-below-header-display":"","ast-hfb-mobile-header-display":"","site-post-title":"disabled","ast-breadcrumbs-content":"","ast-featured-img":"","footer-sml-layout":"","ast-disable-related-posts":"","theme-transparent-header-meta":"","adv-header-id-meta":"","stick-header-meta":"","header-above-stick-meta":"","header-main-stick-meta":"","header-below-stick-meta":"","astra-migrate-meta-layouts":"default","ast-page-background-enabled":"default","ast-page-background-meta":{"desktop":{"background-color":"var(--ast-global-color-5)","background-image":"","background-repeat":"repeat","background-position":"center center","background-size":"auto","background-attachment":"scroll","background-type":"","background-media":"","overlay-type":"","overlay-color":"","overlay-opacity":"","overlay-gradient":""},"tablet":{"background-color":"","background-image":"","background-repeat":"repeat","background-position":"center center","background-size":"auto","background-attachment":"scroll","background-type":"","background-media":"","overlay-type":"","overlay-color":"","overlay-opacity":"","overlay-gradient":""},"mobile":{"background-color":"","background-image":"","background-repeat":"repeat","background-position":"center center","background-size":"auto","background-attachment":"scroll","background-type":"","background-media":"","overlay-type":"","overlay-color":"","overlay-opacity":"","overlay-gradient":""}},"ast-content-background-meta":{"desktop":{"background-color":"var(--ast-global-color-4)","background-image":"","background-repeat":"repeat","background-position":"center center","background-size":"auto","background-attachment":"scroll","background-type":"","background-media":"","overlay-type":"","overlay-color":"","overlay-opacity":"","overlay-gradient":""},"tablet":{"background-color":"var(--ast-global-color-4)","background-image":"","background-repeat":"repeat","background-position":"center center","background-size":"auto","background-attachment":"scroll","background-type":"","background-media":"","overlay-type":"","overlay-color":"","overlay-opacity":"","overlay-gradient":""},"mobile":{"background-color":"var(--ast-global-color-4)","background-image":"","background-repeat":"repeat","background-position":"center center","background-size":"auto","background-attachment":"scroll","background-type":"","background-media":"","overlay-type":"","overlay-color":"","overlay-opacity":"","overlay-gradient":""}},"footnotes":""},"class_list":["post-247","page","type-page","status-publish","hentry"],"yoast_head":"<!-- This site is optimized with the Yoast SEO plugin v27.3 - https:\/\/yoast.com\/product\/yoast-seo-wordpress\/ -->\n<title>Pose de Rev\u00eatement de sol et mur \u00e0 Strasbourg - Alsa Bati Renov<\/title>\n<meta name=\"description\" content=\"Donnez du style et de la valeur \u00e0 votre int\u00e9rieur \u00e0 Strasbourg gr\u00e2ce \u00e0 des rev\u00eatements de qualit\u00e9, pos\u00e9s avec soin par un professionnel exp\u00e9riment\u00e9.\" \/>\n<meta name=\"robots\" content=\"index, follow, max-snippet:-1, max-image-preview:large, max-video-preview:-1\" \/>\n<link rel=\"canonical\" href=\"https:\/\/alsabatirenov.fr\/index.php\/revetement-de-sol\/\" \/>\n<meta property=\"og:locale\" content=\"fr_FR\" \/>\n<meta property=\"og:type\" content=\"article\" \/>\n<meta property=\"og:title\" content=\"Pose de Rev\u00eatement de sol et mur \u00e0 Strasbourg - Alsa Bati Renov\" \/>\n<meta property=\"og:description\" content=\"Donnez du style et de la valeur \u00e0 votre int\u00e9rieur \u00e0 Strasbourg gr\u00e2ce \u00e0 des rev\u00eatements de qualit\u00e9, pos\u00e9s avec soin par un professionnel exp\u00e9riment\u00e9.\" \/>\n<meta property=\"og:url\" content=\"https:\/\/alsabatirenov.fr\/index.php\/revetement-de-sol\/\" \/>\n<meta property=\"og:site_name\" content=\"Alsa Bati Renov\" \/>\n<meta property=\"article:publisher\" content=\"https:\/\/www.facebook.com\/share\/18JDy82Wzf\/\" \/>\n<meta property=\"article:modified_time\" content=\"2026-04-05T07:54:34+00:00\" \/>\n<meta property=\"og:image\" content=\"https:\/\/alsabatirenov.fr\/wp-content\/uploads\/2026\/03\/IMG-20260325-WA0035-edited.jpg\" \/>\n<meta name=\"twitter:card\" content=\"summary_large_image\" \/>\n<meta name=\"twitter:label1\" content=\"Dur\u00e9e de lecture estim\u00e9e\" \/>\n\t<meta name=\"twitter:data1\" content=\"2 minutes\" \/>\n<script type=\"application\/ld+json\" class=\"yoast-schema-graph\">{\"@context\":\"https:\\\/\\\/schema.org\",\"@graph\":[{\"@type\":\"WebPage\",\"@id\":\"https:\\\/\\\/alsabatirenov.fr\\\/index.php\\\/revetement-de-sol\\\/\",\"url\":\"https:\\\/\\\/alsabatirenov.fr\\\/index.php\\\/revetement-de-sol\\\/\",\"name\":\"Pose de Rev\u00eatement de sol et mur \u00e0 Strasbourg - Alsa Bati Renov\",\"isPartOf\":{\"@id\":\"https:\\\/\\\/alsabatirenov.fr\\\/#website\"},\"primaryImageOfPage\":{\"@id\":\"https:\\\/\\\/alsabatirenov.fr\\\/index.php\\\/revetement-de-sol\\\/#primaryimage\"},\"image\":{\"@id\":\"https:\\\/\\\/alsabatirenov.fr\\\/index.php\\\/revetement-de-sol\\\/#primaryimage\"},\"thumbnailUrl\":\"https:\\\/\\\/alsabatirenov.fr\\\/wp-content\\\/uploads\\\/2026\\\/03\\\/IMG-20260325-WA0035-edited.jpg\",\"datePublished\":\"2026-03-24T15:29:42+00:00\",\"dateModified\":\"2026-04-05T07:54:34+00:00\",\"description\":\"Donnez du style et de la valeur \u00e0 votre int\u00e9rieur \u00e0 Strasbourg gr\u00e2ce \u00e0 des rev\u00eatements de qualit\u00e9, pos\u00e9s avec soin par un professionnel exp\u00e9riment\u00e9.\",\"breadcrumb\":{\"@id\":\"https:\\\/\\\/alsabatirenov.fr\\\/index.php\\\/revetement-de-sol\\\/#breadcrumb\"},\"inLanguage\":\"fr-FR\",\"potentialAction\":[{\"@type\":\"ReadAction\",\"target\":[\"https:\\\/\\\/alsabatirenov.fr\\\/index.php\\\/revetement-de-sol\\\/\"]}]},{\"@type\":\"ImageObject\",\"inLanguage\":\"fr-FR\",\"@id\":\"https:\\\/\\\/alsabatirenov.fr\\\/index.php\\\/revetement-de-sol\\\/#primaryimage\",\"url\":\"https:\\\/\\\/alsabatirenov.fr\\\/wp-content\\\/uploads\\\/2026\\\/03\\\/IMG-20260325-WA0035-edited.jpg\",\"contentUrl\":\"https:\\\/\\\/alsabatirenov.fr\\\/wp-content\\\/uploads\\\/2026\\\/03\\\/IMG-20260325-WA0035-edited.jpg\",\"width\":1500,\"height\":1125},{\"@type\":\"BreadcrumbList\",\"@id\":\"https:\\\/\\\/alsabatirenov.fr\\\/index.php\\\/revetement-de-sol\\\/#breadcrumb\",\"itemListElement\":[{\"@type\":\"ListItem\",\"position\":1,\"name\":\"Accueil\",\"item\":\"https:\\\/\\\/alsabatirenov.fr\\\/\"},{\"@type\":\"ListItem\",\"position\":2,\"name\":\"Rev\u00eatement de sol et mur\"}]},{\"@type\":\"WebSite\",\"@id\":\"https:\\\/\\\/alsabatirenov.fr\\\/#website\",\"url\":\"https:\\\/\\\/alsabatirenov.fr\\\/\",\"name\":\"Alsa Bati Renov\",\"description\":\"Entreprise de R\u00e9novation \u00e0 Strasbourg\",\"publisher\":{\"@id\":\"https:\\\/\\\/alsabatirenov.fr\\\/#organization\"},\"potentialAction\":[{\"@type\":\"SearchAction\",\"target\":{\"@type\":\"EntryPoint\",\"urlTemplate\":\"https:\\\/\\\/alsabatirenov.fr\\\/?s={search_term_string}\"},\"query-input\":{\"@type\":\"PropertyValueSpecification\",\"valueRequired\":true,\"valueName\":\"search_term_string\"}}],\"inLanguage\":\"fr-FR\"},{\"@type\":\"Organization\",\"@id\":\"https:\\\/\\\/alsabatirenov.fr\\\/#organization\",\"name\":\"Alsa Bati Renov \u2013 Entreprise de R\u00e9novation Maison & Appartement \u00e0 Strasbourg\",\"url\":\"https:\\\/\\\/alsabatirenov.fr\\\/\",\"logo\":{\"@type\":\"ImageObject\",\"inLanguage\":\"fr-FR\",\"@id\":\"https:\\\/\\\/alsabatirenov.fr\\\/#\\\/schema\\\/logo\\\/image\\\/\",\"url\":\"https:\\\/\\\/alsabatirenov.fr\\\/wp-content\\\/uploads\\\/2026\\\/03\\\/cropped-cropped-unnamed-e1774362393589.png\",\"contentUrl\":\"https:\\\/\\\/alsabatirenov.fr\\\/wp-content\\\/uploads\\\/2026\\\/03\\\/cropped-cropped-unnamed-e1774362393589.png\",\"width\":207,\"height\":69,\"caption\":\"Alsa Bati Renov \u2013 Entreprise de R\u00e9novation Maison & Appartement \u00e0 Strasbourg\"},\"image\":{\"@id\":\"https:\\\/\\\/alsabatirenov.fr\\\/#\\\/schema\\\/logo\\\/image\\\/\"},\"sameAs\":[\"https:\\\/\\\/www.facebook.com\\\/share\\\/18JDy82Wzf\\\/\"]}]}<\/script>\n<!-- \/ Yoast SEO plugin. -->","yoast_head_json":{"title":"Pose de Rev\u00eatement de sol et mur \u00e0 Strasbourg - Alsa Bati Renov","description":"Donnez du style et de la valeur \u00e0 votre int\u00e9rieur \u00e0 Strasbourg gr\u00e2ce \u00e0 des rev\u00eatements de qualit\u00e9, pos\u00e9s avec soin par un professionnel exp\u00e9riment\u00e9.","robots":{"index":"index","follow":"follow","max-snippet":"max-snippet:-1","max-image-preview":"max-image-preview:large","max-video-preview":"max-video-preview:-1"},"canonical":"https:\/\/alsabatirenov.fr\/index.php\/revetement-de-sol\/","og_locale":"fr_FR","og_type":"article","og_title":"Pose de Rev\u00eatement de sol et mur \u00e0 Strasbourg - Alsa Bati Renov","og_description":"Donnez du style et de la valeur \u00e0 votre int\u00e9rieur \u00e0 Strasbourg gr\u00e2ce \u00e0 des rev\u00eatements de qualit\u00e9, pos\u00e9s avec soin par un professionnel exp\u00e9riment\u00e9.","og_url":"https:\/\/alsabatirenov.fr\/index.php\/revetement-de-sol\/","og_site_name":"Alsa Bati Renov","article_publisher":"https:\/\/www.facebook.com\/share\/18JDy82Wzf\/","article_modified_time":"2026-04-05T07:54:34+00:00","og_image":[{"url":"https:\/\/alsabatirenov.fr\/wp-content\/uploads\/2026\/03\/IMG-20260325-WA0035-edited.jpg","type":"","width":"","height":""}],"twitter_card":"summary_large_image","twitter_misc":{"Dur\u00e9e de lecture estim\u00e9e":"2 minutes"},"schema":{"@context":"https:\/\/schema.org","@graph":[{"@type":"WebPage","@id":"https:\/\/alsabatirenov.fr\/index.php\/revetement-de-sol\/","url":"https:\/\/alsabatirenov.fr\/index.php\/revetement-de-sol\/","name":"Pose de Rev\u00eatement de sol et mur \u00e0 Strasbourg - Alsa Bati Renov","isPartOf":{"@id":"https:\/\/alsabatirenov.fr\/#website"},"primaryImageOfPage":{"@id":"https:\/\/alsabatirenov.fr\/index.php\/revetement-de-sol\/#primaryimage"},"image":{"@id":"https:\/\/alsabatirenov.fr\/index.php\/revetement-de-sol\/#primaryimage"},"thumbnailUrl":"https:\/\/alsabatirenov.fr\/wp-content\/uploads\/2026\/03\/IMG-20260325-WA0035-edited.jpg","datePublished":"2026-03-24T15:29:42+00:00","dateModified":"2026-04-05T07:54:34+00:00","description":"Donnez du style et de la valeur \u00e0 votre int\u00e9rieur \u00e0 Strasbourg gr\u00e2ce \u00e0 des rev\u00eatements de qualit\u00e9, pos\u00e9s avec soin par un professionnel exp\u00e9riment\u00e9.","breadcrumb":{"@id":"https:\/\/alsabatirenov.fr\/index.php\/revetement-de-sol\/#breadcrumb"},"inLanguage":"fr-FR","potentialAction":[{"@type":"ReadAction","target":["https:\/\/alsabatirenov.fr\/index.php\/revetement-de-sol\/"]}]},{"@type":"ImageObject","inLanguage":"fr-FR","@id":"https:\/\/alsabatirenov.fr\/index.php\/revetement-de-sol\/#primaryimage","url":"https:\/\/alsabatirenov.fr\/wp-content\/uploads\/2026\/03\/IMG-20260325-WA0035-edited.jpg","contentUrl":"https:\/\/alsabatirenov.fr\/wp-content\/uploads\/2026\/03\/IMG-20260325-WA0035-edited.jpg","width":1500,"height":1125},{"@type":"BreadcrumbList","@id":"https:\/\/alsabatirenov.fr\/index.php\/revetement-de-sol\/#breadcrumb","itemListElement":[{"@type":"ListItem","position":1,"name":"Accueil","item":"https:\/\/alsabatirenov.fr\/"},{"@type":"ListItem","position":2,"name":"Rev\u00eatement de sol et mur"}]},{"@type":"WebSite","@id":"https:\/\/alsabatirenov.fr\/#website","url":"https:\/\/alsabatirenov.fr\/","name":"Alsa Bati Renov","description":"Entreprise de R\u00e9novation \u00e0 Strasbourg","publisher":{"@id":"https:\/\/alsabatirenov.fr\/#organization"},"potentialAction":[{"@type":"SearchAction","target":{"@type":"EntryPoint","urlTemplate":"https:\/\/alsabatirenov.fr\/?s={search_term_string}"},"query-input":{"@type":"PropertyValueSpecification","valueRequired":true,"valueName":"search_term_string"}}],"inLanguage":"fr-FR"},{"@type":"Organization","@id":"https:\/\/alsabatirenov.fr\/#organization","name":"Alsa Bati Renov \u2013 Entreprise de R\u00e9novation Maison & Appartement \u00e0 Strasbourg","url":"https:\/\/alsabatirenov.fr\/","logo":{"@type":"ImageObject","inLanguage":"fr-FR","@id":"https:\/\/alsabatirenov.fr\/#\/schema\/logo\/image\/","url":"https:\/\/alsabatirenov.fr\/wp-content\/uploads\/2026\/03\/cropped-cropped-unnamed-e1774362393589.png","contentUrl":"https:\/\/alsabatirenov.fr\/wp-content\/uploads\/2026\/03\/cropped-cropped-unnamed-e1774362393589.png","width":207,"height":69,"caption":"Alsa Bati Renov \u2013 Entreprise de R\u00e9novation Maison & Appartement \u00e0 Strasbourg"},"image":{"@id":"https:\/\/alsabatirenov.fr\/#\/schema\/logo\/image\/"},"sameAs":["https:\/\/www.facebook.com\/share\/18JDy82Wzf\/"]}]}},"uagb_featured_image_src":{"full":false,"thumbnail":false,"medium":false,"medium_large":false,"large":false,"1536x1536":false,"2048x2048":false},"uagb_author_info":{"display_name":"Pascal Wolf","author_link":"https:\/\/alsabatirenov.fr\/index.php\/author\/pascal\/"},"uagb_comment_info":0,"uagb_excerpt":"Pose de rev\u00eatements de sol et mur \u00e0 Strasbourg Donnez du style et de la valeur \u00e0 votre int\u00e9rieur gr\u00e2ce [&hellip;]","_links":{"self":[{"href":"https:\/\/alsabatirenov.fr\/index.php\/wp-json\/wp\/v2\/pages\/247","targetHints":{"allow":["GET"]}}],"collection":[{"href":"https:\/\/alsabatirenov.fr\/index.php\/wp-json\/wp\/v2\/pages"}],"about":[{"href":"https:\/\/alsabatirenov.fr\/index.php\/wp-json\/wp\/v2\/types\/page"}],"author":[{"embeddable":true,"href":"https:\/\/alsabatirenov.fr\/index.php\/wp-json\/wp\/v2\/users\/4"}],"replies":[{"embeddable":true,"href":"https:\/\/alsabatirenov.fr\/index.php\/wp-json\/wp\/v2\/comments?post=247"}],"version-history":[{"count":7,"href":"https:\/\/alsabatirenov.fr\/index.php\/wp-json\/wp\/v2\/pages\/247\/revisions"}],"predecessor-version":[{"id":365,"href":"https:\/\/alsabatirenov.fr\/index.php\/wp-json\/wp\/v2\/pages\/247\/revisions\/365"}],"wp:attachment":[{"href":"https:\/\/alsabatirenov.fr\/index.php\/wp-json\/wp\/v2\/media?parent=247"}],"curies":[{"name":"wp","href":"https:\/\/api.w.org\/{rel}","templated":true}]}}