{"id":17,"date":"2023-09-10T14:44:33","date_gmt":"2023-09-10T12:44:33","guid":{"rendered":"https:\/\/alsabatirenov.fr\/?page_id=17"},"modified":"2026-04-05T09:47:34","modified_gmt":"2026-04-05T07:47:34","slug":"decouvrez-nos-realisations","status":"publish","type":"page","link":"https:\/\/alsabatirenov.fr\/index.php\/decouvrez-nos-realisations\/","title":{"rendered":"Nos r\u00e9alisations"},"content":{"rendered":"\n<p class=\"has-text-align-center has-vivid-red-color has-text-color has-link-color has-medium-font-size wp-elements-8698a0a782edbba7803c5cec07b6b998\"><strong>En construction<\/strong><\/p>\n\n\n\n<p><\/p>\n","protected":false},"excerpt":{"rendered":"<p>En construction<\/p>\n","protected":false},"author":4,"featured_media":0,"parent":0,"menu_order":0,"comment_status":"closed","ping_status":"closed","template":"","meta":{"_uag_custom_page_level_css":"","site-sidebar-layout":"default","site-content-layout":"","ast-site-content-layout":"default","site-content-style":"default","site-sidebar-style":"default","ast-global-header-display":"","ast-banner-title-visibility":"","ast-main-header-display":"","ast-hfb-above-header-display":"","ast-hfb-below-header-display":"","ast-hfb-mobile-header-display":"","site-post-title":"disabled","ast-breadcrumbs-content":"","ast-featured-img":"","footer-sml-layout":"","ast-disable-related-posts":"","theme-transparent-header-meta":"","adv-header-id-meta":"","stick-header-meta":"","header-above-stick-meta":"","header-main-stick-meta":"","header-below-stick-meta":"","astra-migrate-meta-layouts":"default","ast-page-background-enabled":"default","ast-page-background-meta":{"desktop":{"background-color":"var(--ast-global-color-5)","background-image":"","background-repeat":"repeat","background-position":"center center","background-size":"auto","background-attachment":"scroll","background-type":"","background-media":"","overlay-type":"","overlay-color":"","overlay-opacity":"","overlay-gradient":""},"tablet":{"background-color":"","background-image":"","background-repeat":"repeat","background-position":"center center","background-size":"auto","background-attachment":"scroll","background-type":"","background-media":"","overlay-type":"","overlay-color":"","overlay-opacity":"","overlay-gradient":""},"mobile":{"background-color":"","background-image":"","background-repeat":"repeat","background-position":"center center","background-size":"auto","background-attachment":"scroll","background-type":"","background-media":"","overlay-type":"","overlay-color":"","overlay-opacity":"","overlay-gradient":""}},"ast-content-background-meta":{"desktop":{"background-color":"var(--ast-global-color-4)","background-image":"","background-repeat":"repeat","background-position":"center center","background-size":"auto","background-attachment":"scroll","background-type":"","background-media":"","overlay-type":"","overlay-color":"","overlay-opacity":"","overlay-gradient":""},"tablet":{"background-color":"var(--ast-global-color-4)","background-image":"","background-repeat":"repeat","background-position":"center center","background-size":"auto","background-attachment":"scroll","background-type":"","background-media":"","overlay-type":"","overlay-color":"","overlay-opacity":"","overlay-gradient":""},"mobile":{"background-color":"var(--ast-global-color-4)","background-image":"","background-repeat":"repeat","background-position":"center center","background-size":"auto","background-attachment":"scroll","background-type":"","background-media":"","overlay-type":"","overlay-color":"","overlay-opacity":"","overlay-gradient":""}},"footnotes":""},"class_list":["post-17","page","type-page","status-publish","hentry"],"yoast_head":"<!-- This site is optimized with the Yoast SEO plugin v27.3 - https:\/\/yoast.com\/product\/yoast-seo-wordpress\/ -->\n<title>Nos r\u00e9alisations de travaux de r\u00e9novation \u00e0 Strasbourg - Alsa Bati Renov<\/title>\n<meta name=\"description\" content=\"D\u00e9couvrez nos r\u00e9alisation de travaux \u00e0 Strasbourg. R\u00e9novation de salle de bain, de cuisine, plomberie, \u00e9lectricit\u00e9...\" \/>\n<meta name=\"robots\" content=\"index, follow, max-snippet:-1, max-image-preview:large, max-video-preview:-1\" \/>\n<link rel=\"canonical\" href=\"https:\/\/alsabatirenov.fr\/index.php\/decouvrez-nos-realisations\/\" \/>\n<meta property=\"og:locale\" content=\"fr_FR\" \/>\n<meta property=\"og:type\" content=\"article\" \/>\n<meta property=\"og:title\" content=\"Nos r\u00e9alisations de travaux de r\u00e9novation \u00e0 Strasbourg - Alsa Bati Renov\" \/>\n<meta property=\"og:description\" content=\"D\u00e9couvrez nos r\u00e9alisation de travaux \u00e0 Strasbourg. R\u00e9novation de salle de bain, de cuisine, plomberie, \u00e9lectricit\u00e9...\" \/>\n<meta property=\"og:url\" content=\"https:\/\/alsabatirenov.fr\/index.php\/decouvrez-nos-realisations\/\" \/>\n<meta property=\"og:site_name\" content=\"Alsa Bati Renov\" \/>\n<meta property=\"article:publisher\" content=\"https:\/\/www.facebook.com\/share\/18JDy82Wzf\/\" \/>\n<meta property=\"article:modified_time\" content=\"2026-04-05T07:47:34+00:00\" \/>\n<meta name=\"twitter:card\" content=\"summary_large_image\" \/>\n<meta name=\"twitter:label1\" content=\"Dur\u00e9e de lecture estim\u00e9e\" \/>\n\t<meta name=\"twitter:data1\" content=\"1 minute\" \/>\n<script type=\"application\/ld+json\" class=\"yoast-schema-graph\">{\"@context\":\"https:\\\/\\\/schema.org\",\"@graph\":[{\"@type\":\"WebPage\",\"@id\":\"https:\\\/\\\/alsabatirenov.fr\\\/index.php\\\/decouvrez-nos-realisations\\\/\",\"url\":\"https:\\\/\\\/alsabatirenov.fr\\\/index.php\\\/decouvrez-nos-realisations\\\/\",\"name\":\"Nos r\u00e9alisations de travaux de r\u00e9novation \u00e0 Strasbourg - Alsa Bati Renov\",\"isPartOf\":{\"@id\":\"https:\\\/\\\/alsabatirenov.fr\\\/#website\"},\"datePublished\":\"2023-09-10T12:44:33+00:00\",\"dateModified\":\"2026-04-05T07:47:34+00:00\",\"description\":\"D\u00e9couvrez nos r\u00e9alisation de travaux \u00e0 Strasbourg. R\u00e9novation de salle de bain, de cuisine, plomberie, \u00e9lectricit\u00e9...\",\"breadcrumb\":{\"@id\":\"https:\\\/\\\/alsabatirenov.fr\\\/index.php\\\/decouvrez-nos-realisations\\\/#breadcrumb\"},\"inLanguage\":\"fr-FR\",\"potentialAction\":[{\"@type\":\"ReadAction\",\"target\":[\"https:\\\/\\\/alsabatirenov.fr\\\/index.php\\\/decouvrez-nos-realisations\\\/\"]}]},{\"@type\":\"BreadcrumbList\",\"@id\":\"https:\\\/\\\/alsabatirenov.fr\\\/index.php\\\/decouvrez-nos-realisations\\\/#breadcrumb\",\"itemListElement\":[{\"@type\":\"ListItem\",\"position\":1,\"name\":\"Accueil\",\"item\":\"https:\\\/\\\/alsabatirenov.fr\\\/\"},{\"@type\":\"ListItem\",\"position\":2,\"name\":\"Nos r\u00e9alisations\"}]},{\"@type\":\"WebSite\",\"@id\":\"https:\\\/\\\/alsabatirenov.fr\\\/#website\",\"url\":\"https:\\\/\\\/alsabatirenov.fr\\\/\",\"name\":\"Alsa Bati Renov\",\"description\":\"Entreprise de R\u00e9novation \u00e0 Strasbourg\",\"publisher\":{\"@id\":\"https:\\\/\\\/alsabatirenov.fr\\\/#organization\"},\"potentialAction\":[{\"@type\":\"SearchAction\",\"target\":{\"@type\":\"EntryPoint\",\"urlTemplate\":\"https:\\\/\\\/alsabatirenov.fr\\\/?s={search_term_string}\"},\"query-input\":{\"@type\":\"PropertyValueSpecification\",\"valueRequired\":true,\"valueName\":\"search_term_string\"}}],\"inLanguage\":\"fr-FR\"},{\"@type\":\"Organization\",\"@id\":\"https:\\\/\\\/alsabatirenov.fr\\\/#organization\",\"name\":\"Alsa Bati Renov \u2013 Entreprise de R\u00e9novation Maison & Appartement \u00e0 Strasbourg\",\"url\":\"https:\\\/\\\/alsabatirenov.fr\\\/\",\"logo\":{\"@type\":\"ImageObject\",\"inLanguage\":\"fr-FR\",\"@id\":\"https:\\\/\\\/alsabatirenov.fr\\\/#\\\/schema\\\/logo\\\/image\\\/\",\"url\":\"https:\\\/\\\/alsabatirenov.fr\\\/wp-content\\\/uploads\\\/2026\\\/03\\\/cropped-cropped-unnamed-e1774362393589.png\",\"contentUrl\":\"https:\\\/\\\/alsabatirenov.fr\\\/wp-content\\\/uploads\\\/2026\\\/03\\\/cropped-cropped-unnamed-e1774362393589.png\",\"width\":207,\"height\":69,\"caption\":\"Alsa Bati Renov \u2013 Entreprise de R\u00e9novation Maison & Appartement \u00e0 Strasbourg\"},\"image\":{\"@id\":\"https:\\\/\\\/alsabatirenov.fr\\\/#\\\/schema\\\/logo\\\/image\\\/\"},\"sameAs\":[\"https:\\\/\\\/www.facebook.com\\\/share\\\/18JDy82Wzf\\\/\"]}]}<\/script>\n<!-- \/ Yoast SEO plugin. -->","yoast_head_json":{"title":"Nos r\u00e9alisations de travaux de r\u00e9novation \u00e0 Strasbourg - Alsa Bati Renov","description":"D\u00e9couvrez nos r\u00e9alisation de travaux \u00e0 Strasbourg. R\u00e9novation de salle de bain, de cuisine, plomberie, \u00e9lectricit\u00e9...","robots":{"index":"index","follow":"follow","max-snippet":"max-snippet:-1","max-image-preview":"max-image-preview:large","max-video-preview":"max-video-preview:-1"},"canonical":"https:\/\/alsabatirenov.fr\/index.php\/decouvrez-nos-realisations\/","og_locale":"fr_FR","og_type":"article","og_title":"Nos r\u00e9alisations de travaux de r\u00e9novation \u00e0 Strasbourg - Alsa Bati Renov","og_description":"D\u00e9couvrez nos r\u00e9alisation de travaux \u00e0 Strasbourg. R\u00e9novation de salle de bain, de cuisine, plomberie, \u00e9lectricit\u00e9...","og_url":"https:\/\/alsabatirenov.fr\/index.php\/decouvrez-nos-realisations\/","og_site_name":"Alsa Bati Renov","article_publisher":"https:\/\/www.facebook.com\/share\/18JDy82Wzf\/","article_modified_time":"2026-04-05T07:47:34+00:00","twitter_card":"summary_large_image","twitter_misc":{"Dur\u00e9e de lecture estim\u00e9e":"1 minute"},"schema":{"@context":"https:\/\/schema.org","@graph":[{"@type":"WebPage","@id":"https:\/\/alsabatirenov.fr\/index.php\/decouvrez-nos-realisations\/","url":"https:\/\/alsabatirenov.fr\/index.php\/decouvrez-nos-realisations\/","name":"Nos r\u00e9alisations de travaux de r\u00e9novation \u00e0 Strasbourg - Alsa Bati Renov","isPartOf":{"@id":"https:\/\/alsabatirenov.fr\/#website"},"datePublished":"2023-09-10T12:44:33+00:00","dateModified":"2026-04-05T07:47:34+00:00","description":"D\u00e9couvrez nos r\u00e9alisation de travaux \u00e0 Strasbourg. R\u00e9novation de salle de bain, de cuisine, plomberie, \u00e9lectricit\u00e9...","breadcrumb":{"@id":"https:\/\/alsabatirenov.fr\/index.php\/decouvrez-nos-realisations\/#breadcrumb"},"inLanguage":"fr-FR","potentialAction":[{"@type":"ReadAction","target":["https:\/\/alsabatirenov.fr\/index.php\/decouvrez-nos-realisations\/"]}]},{"@type":"BreadcrumbList","@id":"https:\/\/alsabatirenov.fr\/index.php\/decouvrez-nos-realisations\/#breadcrumb","itemListElement":[{"@type":"ListItem","position":1,"name":"Accueil","item":"https:\/\/alsabatirenov.fr\/"},{"@type":"ListItem","position":2,"name":"Nos r\u00e9alisations"}]},{"@type":"WebSite","@id":"https:\/\/alsabatirenov.fr\/#website","url":"https:\/\/alsabatirenov.fr\/","name":"Alsa Bati Renov","description":"Entreprise de R\u00e9novation \u00e0 Strasbourg","publisher":{"@id":"https:\/\/alsabatirenov.fr\/#organization"},"potentialAction":[{"@type":"SearchAction","target":{"@type":"EntryPoint","urlTemplate":"https:\/\/alsabatirenov.fr\/?s={search_term_string}"},"query-input":{"@type":"PropertyValueSpecification","valueRequired":true,"valueName":"search_term_string"}}],"inLanguage":"fr-FR"},{"@type":"Organization","@id":"https:\/\/alsabatirenov.fr\/#organization","name":"Alsa Bati Renov \u2013 Entreprise de R\u00e9novation Maison & Appartement \u00e0 Strasbourg","url":"https:\/\/alsabatirenov.fr\/","logo":{"@type":"ImageObject","inLanguage":"fr-FR","@id":"https:\/\/alsabatirenov.fr\/#\/schema\/logo\/image\/","url":"https:\/\/alsabatirenov.fr\/wp-content\/uploads\/2026\/03\/cropped-cropped-unnamed-e1774362393589.png","contentUrl":"https:\/\/alsabatirenov.fr\/wp-content\/uploads\/2026\/03\/cropped-cropped-unnamed-e1774362393589.png","width":207,"height":69,"caption":"Alsa Bati Renov \u2013 Entreprise de R\u00e9novation Maison & Appartement \u00e0 Strasbourg"},"image":{"@id":"https:\/\/alsabatirenov.fr\/#\/schema\/logo\/image\/"},"sameAs":["https:\/\/www.facebook.com\/share\/18JDy82Wzf\/"]}]}},"uagb_featured_image_src":{"full":false,"thumbnail":false,"medium":false,"medium_large":false,"large":false,"1536x1536":false,"2048x2048":false},"uagb_author_info":{"display_name":"Pascal Wolf","author_link":"https:\/\/alsabatirenov.fr\/index.php\/author\/pascal\/"},"uagb_comment_info":0,"uagb_excerpt":"En construction","_links":{"self":[{"href":"https:\/\/alsabatirenov.fr\/index.php\/wp-json\/wp\/v2\/pages\/17","targetHints":{"allow":["GET"]}}],"collection":[{"href":"https:\/\/alsabatirenov.fr\/index.php\/wp-json\/wp\/v2\/pages"}],"about":[{"href":"https:\/\/alsabatirenov.fr\/index.php\/wp-json\/wp\/v2\/types\/page"}],"author":[{"embeddable":true,"href":"https:\/\/alsabatirenov.fr\/index.php\/wp-json\/wp\/v2\/users\/4"}],"replies":[{"embeddable":true,"href":"https:\/\/alsabatirenov.fr\/index.php\/wp-json\/wp\/v2\/comments?post=17"}],"version-history":[{"count":7,"href":"https:\/\/alsabatirenov.fr\/index.php\/wp-json\/wp\/v2\/pages\/17\/revisions"}],"predecessor-version":[{"id":398,"href":"https:\/\/alsabatirenov.fr\/index.php\/wp-json\/wp\/v2\/pages\/17\/revisions\/398"}],"wp:attachment":[{"href":"https:\/\/alsabatirenov.fr\/index.php\/wp-json\/wp\/v2\/media?parent=17"}],"curies":[{"name":"wp","href":"https:\/\/api.w.org\/{rel}","templated":true}]}}